ime?
True
Is 235884851 a prime number?
True
Is 33150639 a prime number?
False
Is 44063663 a composite number?
True
Is 104107987 composite?
False
Is 2528173 prime?
False
Is 101940101 prime?
True
Is 4968179 a composite number?
False
Is 6702119 composite?
False
Is 41910689 prime?
True
Is 7339663 prime?
False
Is 25563137 a composite number?
False
Is 204740735 composite?
True
Is 55967507 a prime number?
True
Is 1305173 composite?
True
Is 57602879 prime?
False
Is 11788159 a prime number?
True
Is 533989 a prime number?
True
Is 29684321 a composite number?
False
Is 195092383 a composite number?
False
Is 2670727 composite?
True
Is 8875453 prime?
True
Is 12069619 a prime number?
True
Is 844709 composite?
False
Is 1722817 composite?
True
Is 3458471 composite?
False
Is 1557841 a composite number?
True
Is 63816297 prime?
False
Is 504929 prime?
True
Is 8665849 a composite number?
False
Is 7123899 a prime number?
False
Is 10885949 composite?
True
Is 70439273 composite?
True
Is 198238063 a composite number?
True
Is 4456291 a composite number?
True
Is 4034707 prime?
False
Is 5636071 composite?
True
Is 7105897 composite?
True
Is 773122097 prime?
False
Is 15975991 a prime number?
True
Is 169522 composite?
True
Is 114559817 prime?
True
Is 82756109 a composite number?
True
Is 22826849 composite?
False
Is 8410379 prime?
False
Is 821862939 composite?
True
Is 65092061 a composite number?
False
Is 35413621 a prime number?
True
Is 10813861 a composite number?
False
Is 504593 a composite number?
False
Is 1171271 a composite number?
True
Is 39917219 a composite number?
True
Is 1475323 a prime number?
True
Is 44493271 a composite number?
False
Is 2027293 a prime number?
False
Is 140486267 a prime number?
True
Is 3275599 a prime number?
True
Is 27265099 a composite number?
True
Is 36739453 composite?
False
Is 388757 composite?
False
Is 186394801 composite?
False
Is 1681844173 a composite number?
False
Is 631006757 prime?
False
Is 31081237 a prime number?
False
Is 530947 a prime number?
True
Is 36540663 prime?
False
Is 105442681 a prime number?
False
Is 5599261 a composite number?
False
Is 38029 composite?
True
Is 41948801 composite?
True
Is 66694297 composite?
False
Is 72347867 a composite number?
False
Is 8460569 a composite number?
True
Is 97134329 composite?
True
Is 146717117 a prime number?
True
Is 147935519 a prime number?
True
Is 13632022 prime?
False
Is 298666379 a composite number?
True
Is 3042653 composite?
False
Is 949811 prime?
True
Is 34749727 composite?
True
Is 151228751 a prime number?
False
Is 1371871 a prime number?
False
Is 72787843 composite?
True
Is 355163959 prime?
True
Is 215101 a prime number?
False
Is 25365701 prime?
True
Is 10019407 a composite number?
False
Is 28636505 prime?
False
Is 223886149 a prime number?
False
Is 725507 composite?
False
Is 85279217 a prime number?
True
Is 3511147 prime?
False
Is 1024583 a composite number?
True
Is 5990977 prime?
True
Is 4860957 a composite number?
True
Is 4225463 a composite number?
True
Is 66237877 a composite number?
False
Is 1029731 a composite number?
False
Is 129389119 composite?
False
Is 516757 a composite number?
False
Is 2807521 composite?
False
Is 4041443 a prime number?
False
Is 16554971 a prime number?
False
Is 861683 composite?
True
Is 2102159 prime?
False
Is 102873649 a composite number?
False
Is 66344869 composite?
True
Is 52034419 a prime number?
True
Is 556391 a composite number?
True
Is 49418851 a composite number?
False
Is 249695419 prime?
True
Is 9043211 a prime number?
True
Is 931061 prime?
False
Is 116046001 a prime number?
True
Is 97053701 a composite number?
True
Is 69355763 composite?
True
Is 286375021 prime?
False
Is 31450891 prime?
True
Is 30582749 a composite number?
True
Is 2257193 a composite number?
False
Is 20789 composite?
False
Is 105308447 prime?
True
Is 73116101 a prime number?
True
Is 258102133 composite?
False
Is 258781 prime?
False
Is 773599 composite?
False
Is 6132751 a composite number?
False
Is 94765261 a prime number?
True
Is 443968667 composite?
False
Is 198109 composite?
False
Is 25056221 a composite number?
True
Is 9203561 prime?
True
Is 640729 prime?
False
Is 72548867 a composite number?
True
Is 162420605 a prime number?
False
Is 23552651 composite?
False
Is 3057577 composite?
False
Is 57389 a composite number?
False
Is 1023921319 a prime number?
True
Is 1638411 a composite number?
True
Is 81805739 prime?
False
Is 10020331 a prime number?
True
Is 91830082 composite?
True
Is 2728199 composite?
False
Is 3935219 a composite number?
False
Is 1690537621 prime?
True
Is 359573 a prime number?
False
Is 77343901 composite?
False
Is 1119523 a composite number?
False
Is 52480781 prime?
True
Is 539518207 prime?
True
Is 21021739 composite?
False
Is 457211 a composite number?
True
Is 1325749 prime?
False
Is 1017671 a composite number?
True
Is 10336691 prime?
True
Is 10617727 composite?
False
Is 5245133 a composite number?
False
Is 27164591 a prime number?
False
Is 109071719 prime?
False
Is 4941877 a prime number?
False
Is 76296329 a prime number?
True
Is 58254221 a composite number?
False
Is 18571307 a prime number?
True
Is 102677413 prime?
True
Is 965963 composite?
False
Is 165313873 a composite number?
False
Is 3373243 composite?
False
Is 22759901 prime?
True
Is 25756897 a prime number?
False
Is 54544731 a prime number?
False
Is 6688709 a composite number?
True
Is 1148867 prime?
True
Is 42254213 composite?
False
Is 16013039 a prime number?
False
Is 186510329 a prime number?
False
Is 5339651 a prime number?
False
Is 1142927 prime?
False
Is 26221555 composite?
True
Is 59250197 composite?
False
Is 390836849 composite?
True
Is 1494485 composite?
True
Is 5905969 composite?
True
Is 57833023 a prime number?
False
Is 1230199 a composite number?
False
Is 8853935 a prime number?
False
Is 13626703 composite?
False
Is 16488959 a composite number?
True
Is 2680231 a composite number?
False
Is 89474137 composite?
True
Is 42929041 a composite number?
False
Is 5124194 a composite number?
True
Is 10974287 a prime number?
False
Is 30125629 a prime number?
True
Is 140489827 prime?
True
Is 1284157 composite?
True
Is 1651549 composite?
True
Is 22654703 a prime number?
True
Is 7083533 a prime number?
True
Is 29370001 a composite number?
True
Is 212777 prime?
True
Is 11334989 prime?
True
Is 796907 composite?
True
Is 298013 a prime number?
True
Is 17205029 a prime number?
True
Is 133121 prime?
True
Is 640720783 prime?
False
Is 19858169 composite?
False
Is 13203901 composite?
False
Is 179623 prime?
True
Is 1263941 a composite number?
True
Is 84377 a composite number?
False
Is 3844613 composite?
False
Is 39401987 a composite number?
False
Is 34869713 composite?
False
Is 31851805 composite?
True
Is 1339274 a composite number?
True
Is 2397982 a prime number?
False
Is 12987913 prime?
False
Is 1345009 prime?
True
Is 105025021 prime?
True
Is 1648481 a prime number?
True
Is 4644059 a prime number?
False
Is 6378629 prime?
True
Is 4476463 a composite number?
False
Is 1172809 composite?
True
Is 6509366 prime?
False
Is 3344431 a composite number?
False
Is 54811709 a prime number?
False
Is 975621787 composite?
True
Is 1053147767 a prime number?
False
Is 34230821 a prime number?
False
Is 287323 composite?
True
Is 4012993 composite?
False
Is 8020411 prime?
False
Is 10906387 a prime number?
True
Is 89751 a prime number?
False
Is 16529041 a prime number?
True
Is 11212699 a composite number?
True
Is 1626159 composite?
True
Is 18339907 a prime number?
False
Is 30809671 a prime number?
True
Is 25999807 composite?
False
Is 18264227 composite?
True
Is 865058327 composite?
True
Is 181799639 a composite number?
True
Is 119765851 a composite number?
True
Is 51458471 a composite number?
True
Is 10769833 a composite number?
True
Is 180773 a composite number?
False
Is 68242087 a composite number?
False
Is 33713545 a composite number?
True
Is 87066407 a composite number?
True
Is 68697851 a prime number?
True
Is 15598559 composite?
True
Is 123260129 a prime number?
True
Is 50151197 a composite number?
True
Is 7682711 a composite number?
False
Is 8967589 prime?
False
Is 38290531 a prime number?
True
Is 100694549 prime?
True
Is 10873763 a prime number?
True
Is 5584609 prime?
True
Is 225076007 composite?
True
Is 477073 a prime 